{"id":101,"date":"2016-10-03T16:50:20","date_gmt":"2016-10-03T14:50:20","guid":{"rendered":"http:\/\/www.festivalterresdimages.com\/v3\/?page_id=101"},"modified":"2019-09-02T15:08:37","modified_gmt":"2019-09-02T13:08:37","slug":"cinema-a-ligueil","status":"publish","type":"page","link":"http:\/\/www.festivalterresdimages.com\/v3\/cinema-a-ligueil\/","title":{"rendered":"Cin\u00e9ma \u00e0 Ligueil"},"content":{"rendered":"<div id=\"pl-101\"  class=\"panel-layout\" ><div id=\"pg-101-0\"  class=\"panel-grid panel-no-style\" ><div id=\"pgc-101-0-0\"  class=\"panel-grid-cell\" ><div id=\"panel-101-0-0-0\" class=\"so-panel widget widget_text panel-first-child panel-last-child\" data-index=\"0\" >\t\t\t<div class=\"textwidget\">LE LIEU : Foyer Rural Place Du G\u00e9n\u00e9ral Leclerc \/\/ 37240 Ligueil<\/div>\n\t\t<\/div><\/div><\/div><div id=\"pg-101-1\"  class=\"panel-grid panel-no-style\" ><div id=\"pgc-101-1-0\"  class=\"panel-grid-cell\" ><div id=\"panel-101-1-0-0\" class=\"so-panel widget widget_sow-editor panel-first-child panel-last-child\" data-index=\"1\" ><div class=\"so-widget-sow-editor so-widget-sow-editor-base\">\n<div class=\"siteorigin-widget-tinymce textwidget\">\n\t<h1>Mardi 24 septembre 2019 - 20h30<\/h1>\n<\/div>\n<\/div><\/div><\/div><\/div><div id=\"pg-101-2\"  class=\"panel-grid panel-no-style\" ><div id=\"pgc-101-2-0\"  class=\"panel-grid-cell\" ><div id=\"panel-101-2-0-0\" class=\"so-panel widget panel-first-child panel-last-child\" data-index=\"2\" ><\/div><\/div><div id=\"pgc-101-2-1\"  class=\"panel-grid-cell\" ><div id=\"panel-101-2-1-0\" class=\"so-panel widget widget_sow-editor panel-first-child panel-last-child\" data-index=\"3\" ><div class=\"so-widget-sow-editor so-widget-sow-editor-base\">\n<div class=\"siteorigin-widget-tinymce textwidget\">\n\t<p style=\"text-align: left;\"><em>De Danny Boyle<br \/>\nAvec Himesh Patel, Lily James, Ed Sheeran ... <\/em><\/p>\n<p><strong>SYNOPSIS :<\/strong> Hier tout le monde connaissait les Beatles, mais aujourd\u2019hui seul Jack se souvient de leurs chansons. Il est sur le point de devenir extr\u00eamement c\u00e9l\u00e8bre.<\/p>\n<\/div>\n<\/div><\/div><\/div><div id=\"pgc-101-2-2\"  class=\"panel-grid-cell\" ><div id=\"panel-101-2-2-0\" class=\"so-panel widget widget_text panel-first-child panel-last-child\" data-index=\"4\" >\t\t\t<div class=\"textwidget\"><iframe src='http:\/\/player.allocine.fr\/19582314.html' style='width:100%; height:360px'>    <\/iframe><\/div>\n\t\t<\/div><\/div><\/div><div id=\"pg-101-3\"  class=\"panel-grid panel-no-style\" ><div id=\"pgc-101-3-0\"  class=\"panel-grid-cell\" ><div id=\"panel-101-3-0-0\" class=\"so-panel widget widget_sow-editor panel-first-child panel-last-child\" data-index=\"5\" ><div class=\"so-widget-sow-editor so-widget-sow-editor-base\">\n<div class=\"siteorigin-widget-tinymce textwidget\">\n\t<h1>Mardi 30 juillet 2019 - 20h30<\/h1>\n<\/div>\n<\/div><\/div><\/div><\/div><div id=\"pg-101-4\"  class=\"panel-grid panel-no-style\" ><div id=\"pgc-101-4-0\"  class=\"panel-grid-cell\" ><div id=\"panel-101-4-0-0\" class=\"so-panel widget panel-first-child panel-last-child\" data-index=\"6\" ><\/div><\/div><div id=\"pgc-101-4-1\"  class=\"panel-grid-cell\" ><div id=\"panel-101-4-1-0\" class=\"so-panel widget widget_sow-editor panel-first-child panel-last-child\" data-index=\"7\" ><div class=\"so-widget-sow-editor so-widget-sow-editor-base\">\n<div class=\"siteorigin-widget-tinymce textwidget\">\n\t<p style=\"text-align: left;\"><em>De F. Gary Gray<br \/>\nAvec Tessa Thompson, Chris Hemsworth, Liam Neeson ...<\/em><\/p>\n<p><strong>SYNOPSIS :<\/strong> Les Men In Black ont toujours prot\u00e9g\u00e9 la Terre de la vermine de l\u2019univers. Dans cette nouvelle aventure, ils s\u2019attaquent \u00e0 la menace la plus importante qu\u2019ils aient rencontr\u00e9e \u00e0 ce jour : une taupe au sein de l\u2019organisation Men In Black.<\/p>\n<\/div>\n<\/div><\/div><\/div><div id=\"pgc-101-4-2\"  class=\"panel-grid-cell\" ><div id=\"panel-101-4-2-0\" class=\"so-panel widget widget_text panel-first-child panel-last-child\" data-index=\"8\" >\t\t\t<div class=\"textwidget\"><iframe src='http:\/\/player.allocine.fr\/19584164.html' style='width:100%; height:360px'>    <\/iframe>    <\/div>\n\t\t<\/div><\/div><\/div><\/div>","protected":false},"excerpt":{"rendered":"<p>LE LIEU : Foyer Rural Place Du G\u00e9n\u00e9ral Leclerc \/\/ 37240 Ligueil Mardi 24 septembre 2019 &#8211; 20h30<\/p>\n","protected":false},"author":1,"featured_media":0,"parent":0,"menu_order":0,"comment_status":"closed","ping_status":"closed","template":"template-fullwidth.php","meta":{"jetpack_post_was_ever_published":false,"_links_to":"","_links_to_target":""},"jetpack_sharing_enabled":true,"jetpack_shortlink":"https:\/\/wp.me\/P7Y3dQ-1D","_links":{"self":[{"href":"http:\/\/www.festivalterresdimages.com\/v3\/wp-json\/wp\/v2\/pages\/101"}],"collection":[{"href":"http:\/\/www.festivalterresdimages.com\/v3\/wp-json\/wp\/v2\/pages"}],"about":[{"href":"http:\/\/www.festivalterresdimages.com\/v3\/wp-json\/wp\/v2\/types\/page"}],"author":[{"embeddable":true,"href":"http:\/\/www.festivalterresdimages.com\/v3\/wp-json\/wp\/v2\/users\/1"}],"replies":[{"embeddable":true,"href":"http:\/\/www.festivalterresdimages.com\/v3\/wp-json\/wp\/v2\/comments?post=101"}],"version-history":[{"count":138,"href":"http:\/\/www.festivalterresdimages.com\/v3\/wp-json\/wp\/v2\/pages\/101\/revisions"}],"predecessor-version":[{"id":702,"href":"http:\/\/www.festivalterresdimages.com\/v3\/wp-json\/wp\/v2\/pages\/101\/revisions\/702"}],"wp:attachment":[{"href":"http:\/\/www.festivalterresdimages.com\/v3\/wp-json\/wp\/v2\/media?parent=101"}],"curies":[{"name":"wp","href":"https:\/\/api.w.org\/{rel}","templated":true}]}}

Cinéma à Ligueil

<div id="pl-101"  class="panel-layout" ><div id="pg-101-0"  class="panel-grid panel-no-style" ><div id="pgc-101-0-0"  class="panel-grid-cell" ><div id="panel-101-0-0-0" class="so-panel widget widget_text panel-first-child panel-last-child" data-index="0" >			<div class="textwidget">LE LIEU : Foyer Rural Place Du Général Leclerc // 37240 Ligueil</div>
		</div></div></div><div id="pg-101-1"  class="panel-grid panel-no-style" ><div id="pgc-101-1-0"  class="panel-grid-cell" ><div id="panel-101-1-0-0" class="so-panel widget widget_sow-editor panel-first-child panel-last-child" data-index="1" ><div class="so-widget-sow-editor so-widget-sow-editor-base">
<div class="siteorigin-widget-tinymce textwidget">
	<h1>Mardi 24 septembre 2019 - 20h30</h1>
</div>
</div></div></div></div><div id="pg-101-2"  class="panel-grid panel-no-style" ><div id="pgc-101-2-0"  class="panel-grid-cell" ><div id="panel-101-2-0-0" class="so-panel widget panel-first-child panel-last-child" data-index="2" ></div></div><div id="pgc-101-2-1"  class="panel-grid-cell" ><div id="panel-101-2-1-0" class="so-panel widget widget_sow-editor panel-first-child panel-last-child" data-index="3" ><div class="so-widget-sow-editor so-widget-sow-editor-base">
<div class="siteorigin-widget-tinymce textwidget">
	<p style="text-align: left;"><em>De Danny Boyle<br />
Avec Himesh Patel, Lily James, Ed Sheeran ... </em></p>
<p><strong>SYNOPSIS :</strong> Hier tout le monde connaissait les Beatles, mais aujourd’hui seul Jack se souvient de leurs chansons. Il est sur le point de devenir extrêmement célèbre.</p>
</div>
</div></div></div><div id="pgc-101-2-2"  class="panel-grid-cell" ><div id="panel-101-2-2-0" class="so-panel widget widget_text panel-first-child panel-last-child" data-index="4" >			<div class="textwidget"><iframe src='http://player.allocine.fr/19582314.html' style='width:100%; height:360px'>    </iframe></div>
		</div></div></div><div id="pg-101-3"  class="panel-grid panel-no-style" ><div id="pgc-101-3-0"  class="panel-grid-cell" ><div id="panel-101-3-0-0" class="so-panel widget widget_sow-editor panel-first-child panel-last-child" data-index="5" ><div class="so-widget-sow-editor so-widget-sow-editor-base">
<div class="siteorigin-widget-tinymce textwidget">
	<h1>Mardi 30 juillet 2019 - 20h30</h1>
</div>
</div></div></div></div><div id="pg-101-4"  class="panel-grid panel-no-style" ><div id="pgc-101-4-0"  class="panel-grid-cell" ><div id="panel-101-4-0-0" class="so-panel widget panel-first-child panel-last-child" data-index="6" ></div></div><div id="pgc-101-4-1"  class="panel-grid-cell" ><div id="panel-101-4-1-0" class="so-panel widget widget_sow-editor panel-first-child panel-last-child" data-index="7" ><div class="so-widget-sow-editor so-widget-sow-editor-base">
<div class="siteorigin-widget-tinymce textwidget">
	<p style="text-align: left;"><em>De F. Gary Gray<br />
Avec Tessa Thompson, Chris Hemsworth, Liam Neeson ...</em></p>
<p><strong>SYNOPSIS :</strong> Les Men In Black ont toujours protégé la Terre de la vermine de l’univers. Dans cette nouvelle aventure, ils s’attaquent à la menace la plus importante qu’ils aient rencontrée à ce jour : une taupe au sein de l’organisation Men In Black.</p>
</div>
</div></div></div><div id="pgc-101-4-2"  class="panel-grid-cell" ><div id="panel-101-4-2-0" class="so-panel widget widget_text panel-first-child panel-last-child" data-index="8" >			<div class="textwidget"><iframe src='http://player.allocine.fr/19584164.html' style='width:100%; height:360px'>    </iframe>    </div>
		</div></div></div></div>

<p>LE LIEU : Foyer Rural Place Du Général Leclerc // 37240 Ligueil Mardi 24 septembre 2019 &#8211; 20h30</p>
